{"id":106,"date":"2018-02-16T11:41:31","date_gmt":"2018-02-16T10:41:31","guid":{"rendered":"http:\/\/humanbridge.fr\/?page_id=106"},"modified":"2018-10-24T17:51:29","modified_gmt":"2018-10-24T15:51:29","slug":"mentions-legales","status":"publish","type":"page","link":"https:\/\/humanbridge.fr\/index.php\/mentions-legales\/","title":{"rendered":"Mentions l\u00e9gales"},"content":{"rendered":"<p><span style=\"font-family: Calibri; color: #003366;\"><strong>Human Bridge SAS<\/strong><\/span><\/p>\n<p style=\"text-align: justify;\"><span style=\"font-family: Calibri; color: #003366;\">Soci\u00e9t\u00e9 par actions simplifi\u00e9e &#8211; RCS Paris<\/span><br \/>\n<span style=\"font-family: Calibri; color: #003366;\">Siret N\u00b0823 069 562 &#8211; Si\u00e8ge social 75116 Paris<\/span><\/p>\n<p><span style=\"font-family: Calibri; color: #003366;\">Contact : dimitriaube@humanbridge.fr<\/span><\/p>\n<p style=\"text-align: justify;\"><span style=\"font-family: Calibri; color: #003366;\">Toutes les images utilis\u00e9es sur ce site sont libres de droit.<a style=\"color: #003366;\" href=\"http:\/\/www.unikweb.fr\/\" target=\"_blank\" rel=\"noopener noreferrer\"><br \/>\n<\/a>Conception-r\u00e9daction :\u00a0<strong>Human Bridge SAS<\/strong><\/span><br \/>\n<span style=\"font-family: Calibri; color: #003366;\">Site h\u00e9berg\u00e9 par\u00a0<a style=\"color: #003366;\" href=\"https:\/\/www.ovh.com\/fr\/\" target=\"_blank\" rel=\"noopener noreferrer\">OVH<\/a>\u00a0:\u00a02 rue Kellermann, 59100 Roubaix (Tel : 1007)<\/span><\/p>\n<h2><span style=\"font-size: 12pt; font-family: Calibri; color: #003366;\"><strong>Ce site utilise des cookies<\/strong><\/span><\/h2>\n<p style=\"text-align: justify;\"><span style=\"font-family: Calibri; color: #003366;\">Ce site utilise des cookies \u2013 de petits fichiers texte qui sont plac\u00e9s sur votre machine pour aider le site \u00e0 fournir une meilleure exp\u00e9rience utilisateur. En g\u00e9n\u00e9ral, les cookies sont utilis\u00e9s pour conserver les pr\u00e9f\u00e9rences de l\u2019utilisateur, stocker des informations pour des choses comme les paniers d\u2019achat et fournir des donn\u00e9es de suivi anonymis\u00e9es \u00e0 des applications tierces comme Google Analytics. En r\u00e8gle g\u00e9n\u00e9rale, les cookies rendront votre exp\u00e9rience de navigation meilleure. Toutefois, vous pouvez pr\u00e9f\u00e9rer d\u00e9sactiver les cookies sur ce site et sur d\u2019autres. Le moyen le plus efficace consiste \u00e0 d\u00e9sactiver les cookies dans votre navigateur.<\/span><\/p>\n<h2><span style=\"font-size: 12pt; font-family: Calibri; color: #003366;\"><strong>Human Bridge SAS respecte et prot\u00e8ge vos donn\u00e9es personnelles<\/strong><\/span><\/h2>\n<p><span style=\"font-family: Calibri;\"><span style=\"color: #003366;\">En indiquant votre adresse e-mail et num\u00e9ro de t\u00e9l\u00e9phone dans les formulaires de ce site, vous consentez \u00e0 recevoir d&rsquo;\u00e9ventuelles communications de <strong>Human Bridge SAS<\/strong> autour de ses prestations par voie \u00e9lectronique. Vous pouvez vous d\u00e9sinscrire de ces communications, \u00e0 tout moment en adressant directement votre<\/span>\u00a0<a href=\"mailto:dimitriaube@humanbridge.fr\">demande par e-mail<\/a>.<\/span><\/p>\n<p style=\"text-align: justify;\"><span style=\"font-family: Calibri; color: #003366;\"><strong>Human Bridge SAS<\/strong> consent \u00e0 l&rsquo;utilisateur\u00a0du site un droit de consultation pour un usage strictement personnel et priv\u00e9. Toute reproduction, rediffusion ou commercialisation totale ou partielle du contenu est interdite.<\/span><\/p>\n","protected":false},"excerpt":{"rendered":"<p>Human Bridge SAS Soci\u00e9t\u00e9 par actions simplifi\u00e9e &#8211; RCS Paris Siret N\u00b0823 069 562 &#8211; Si\u00e8ge social 75116 Paris Contact : dimitriaube@humanbridge.fr Toutes les images utilis\u00e9es sur ce site sont libres de droit. Conception-r\u00e9daction :\u00a0Human Bridge SAS Site h\u00e9berg\u00e9 par\u00a0OVH\u00a0:\u00a02 rue Kellermann, 59100 Roubaix (Tel : 1007) Ce site utilise des cookies Ce site utilise &hellip;<\/p>\n","protected":false},"author":1,"featured_media":0,"parent":0,"menu_order":0,"comment_status":"closed","ping_status":"open","template":"","meta":{"footnotes":""},"class_list":["post-106","page","type-page","status-publish","hentry"],"yoast_head":"<!-- This site is optimized with the Yoast SEO plugin v27.0 - https:\/\/yoast.com\/product\/yoast-seo-wordpress\/ -->\n<title>Mentions l\u00e9gales - Human Bridge<\/title>\n<meta name=\"robots\" content=\"index, follow, max-snippet:-1, max-image-preview:large, max-video-preview:-1\" \/>\n<link rel=\"canonical\" href=\"https:\/\/humanbridge.fr\/index.php\/mentions-legales\/\" \/>\n<meta property=\"og:locale\" content=\"fr_FR\" \/>\n<meta property=\"og:type\" content=\"article\" \/>\n<meta property=\"og:title\" content=\"Mentions l\u00e9gales - Human Bridge\" \/>\n<meta property=\"og:description\" content=\"Human Bridge SAS Soci\u00e9t\u00e9 par actions simplifi\u00e9e &#8211; RCS Paris Siret N\u00b0823 069 562 &#8211; Si\u00e8ge social 75116 Paris Contact : dimitriaube@humanbridge.fr Toutes les images utilis\u00e9es sur ce site sont libres de droit. Conception-r\u00e9daction :\u00a0Human Bridge SAS Site h\u00e9berg\u00e9 par\u00a0OVH\u00a0:\u00a02 rue Kellermann, 59100 Roubaix (Tel : 1007) Ce site utilise des cookies Ce site utilise &hellip;\" \/>\n<meta property=\"og:url\" content=\"https:\/\/humanbridge.fr\/index.php\/mentions-legales\/\" \/>\n<meta property=\"og:site_name\" content=\"Human Bridge\" \/>\n<meta property=\"article:modified_time\" content=\"2018-10-24T15:51:29+00:00\" \/>\n<meta name=\"twitter:card\" content=\"summary_large_image\" \/>\n<meta name=\"twitter:label1\" content=\"Dur\u00e9e de lecture estim\u00e9e\" \/>\n\t<meta name=\"twitter:data1\" content=\"1 minute\" \/>\n<script type=\"application\/ld+json\" class=\"yoast-schema-graph\">{\"@context\":\"https:\/\/schema.org\",\"@graph\":[{\"@type\":\"WebPage\",\"@id\":\"https:\/\/humanbridge.fr\/index.php\/mentions-legales\/\",\"url\":\"https:\/\/humanbridge.fr\/index.php\/mentions-legales\/\",\"name\":\"Mentions l\u00e9gales - Human Bridge\",\"isPartOf\":{\"@id\":\"https:\/\/humanbridge.fr\/#website\"},\"datePublished\":\"2018-02-16T10:41:31+00:00\",\"dateModified\":\"2018-10-24T15:51:29+00:00\",\"breadcrumb\":{\"@id\":\"https:\/\/humanbridge.fr\/index.php\/mentions-legales\/#breadcrumb\"},\"inLanguage\":\"fr-FR\",\"potentialAction\":[{\"@type\":\"ReadAction\",\"target\":[\"https:\/\/humanbridge.fr\/index.php\/mentions-legales\/\"]}]},{\"@type\":\"BreadcrumbList\",\"@id\":\"https:\/\/humanbridge.fr\/index.php\/mentions-legales\/#breadcrumb\",\"itemListElement\":[{\"@type\":\"ListItem\",\"position\":1,\"name\":\"Accueil\",\"item\":\"https:\/\/humanbridge.fr\/\"},{\"@type\":\"ListItem\",\"position\":2,\"name\":\"Mentions l\u00e9gales\"}]},{\"@type\":\"WebSite\",\"@id\":\"https:\/\/humanbridge.fr\/#website\",\"url\":\"https:\/\/humanbridge.fr\/\",\"name\":\"Human Bridge\",\"description\":\"\",\"publisher\":{\"@id\":\"https:\/\/humanbridge.fr\/#organization\"},\"potentialAction\":[{\"@type\":\"SearchAction\",\"target\":{\"@type\":\"EntryPoint\",\"urlTemplate\":\"https:\/\/humanbridge.fr\/?s={search_term_string}\"},\"query-input\":{\"@type\":\"PropertyValueSpecification\",\"valueRequired\":true,\"valueName\":\"search_term_string\"}}],\"inLanguage\":\"fr-FR\"},{\"@type\":\"Organization\",\"@id\":\"https:\/\/humanbridge.fr\/#organization\",\"name\":\"Human Bridge\",\"url\":\"https:\/\/humanbridge.fr\/\",\"logo\":{\"@type\":\"ImageObject\",\"inLanguage\":\"fr-FR\",\"@id\":\"https:\/\/humanbridge.fr\/#\/schema\/logo\/image\/\",\"url\":\"https:\/\/humanbridge.fr\/wp-content\/uploads\/2018\/09\/Logo-vdef-LK.png\",\"contentUrl\":\"https:\/\/humanbridge.fr\/wp-content\/uploads\/2018\/09\/Logo-vdef-LK.png\",\"width\":933,\"height\":651,\"caption\":\"Human Bridge\"},\"image\":{\"@id\":\"https:\/\/humanbridge.fr\/#\/schema\/logo\/image\/\"},\"sameAs\":[\"https:\/\/www.linkedin.com\/company\/human-bridge\/\"]}]}<\/script>\n<!-- \/ Yoast SEO plugin. -->","yoast_head_json":{"title":"Mentions l\u00e9gales - Human Bridge","robots":{"index":"index","follow":"follow","max-snippet":"max-snippet:-1","max-image-preview":"max-image-preview:large","max-video-preview":"max-video-preview:-1"},"canonical":"https:\/\/humanbridge.fr\/index.php\/mentions-legales\/","og_locale":"fr_FR","og_type":"article","og_title":"Mentions l\u00e9gales - Human Bridge","og_description":"Human Bridge SAS Soci\u00e9t\u00e9 par actions simplifi\u00e9e &#8211; RCS Paris Siret N\u00b0823 069 562 &#8211; Si\u00e8ge social 75116 Paris Contact : dimitriaube@humanbridge.fr Toutes les images utilis\u00e9es sur ce site sont libres de droit. Conception-r\u00e9daction :\u00a0Human Bridge SAS Site h\u00e9berg\u00e9 par\u00a0OVH\u00a0:\u00a02 rue Kellermann, 59100 Roubaix (Tel : 1007) Ce site utilise des cookies Ce site utilise &hellip;","og_url":"https:\/\/humanbridge.fr\/index.php\/mentions-legales\/","og_site_name":"Human Bridge","article_modified_time":"2018-10-24T15:51:29+00:00","twitter_card":"summary_large_image","twitter_misc":{"Dur\u00e9e de lecture estim\u00e9e":"1 minute"},"schema":{"@context":"https:\/\/schema.org","@graph":[{"@type":"WebPage","@id":"https:\/\/humanbridge.fr\/index.php\/mentions-legales\/","url":"https:\/\/humanbridge.fr\/index.php\/mentions-legales\/","name":"Mentions l\u00e9gales - Human Bridge","isPartOf":{"@id":"https:\/\/humanbridge.fr\/#website"},"datePublished":"2018-02-16T10:41:31+00:00","dateModified":"2018-10-24T15:51:29+00:00","breadcrumb":{"@id":"https:\/\/humanbridge.fr\/index.php\/mentions-legales\/#breadcrumb"},"inLanguage":"fr-FR","potentialAction":[{"@type":"ReadAction","target":["https:\/\/humanbridge.fr\/index.php\/mentions-legales\/"]}]},{"@type":"BreadcrumbList","@id":"https:\/\/humanbridge.fr\/index.php\/mentions-legales\/#breadcrumb","itemListElement":[{"@type":"ListItem","position":1,"name":"Accueil","item":"https:\/\/humanbridge.fr\/"},{"@type":"ListItem","position":2,"name":"Mentions l\u00e9gales"}]},{"@type":"WebSite","@id":"https:\/\/humanbridge.fr\/#website","url":"https:\/\/humanbridge.fr\/","name":"Human Bridge","description":"","publisher":{"@id":"https:\/\/humanbridge.fr\/#organization"},"potentialAction":[{"@type":"SearchAction","target":{"@type":"EntryPoint","urlTemplate":"https:\/\/humanbridge.fr\/?s={search_term_string}"},"query-input":{"@type":"PropertyValueSpecification","valueRequired":true,"valueName":"search_term_string"}}],"inLanguage":"fr-FR"},{"@type":"Organization","@id":"https:\/\/humanbridge.fr\/#organization","name":"Human Bridge","url":"https:\/\/humanbridge.fr\/","logo":{"@type":"ImageObject","inLanguage":"fr-FR","@id":"https:\/\/humanbridge.fr\/#\/schema\/logo\/image\/","url":"https:\/\/humanbridge.fr\/wp-content\/uploads\/2018\/09\/Logo-vdef-LK.png","contentUrl":"https:\/\/humanbridge.fr\/wp-content\/uploads\/2018\/09\/Logo-vdef-LK.png","width":933,"height":651,"caption":"Human Bridge"},"image":{"@id":"https:\/\/humanbridge.fr\/#\/schema\/logo\/image\/"},"sameAs":["https:\/\/www.linkedin.com\/company\/human-bridge\/"]}]}},"_links":{"self":[{"href":"https:\/\/humanbridge.fr\/index.php\/wp-json\/wp\/v2\/pages\/106","targetHints":{"allow":["GET"]}}],"collection":[{"href":"https:\/\/humanbridge.fr\/index.php\/wp-json\/wp\/v2\/pages"}],"about":[{"href":"https:\/\/humanbridge.fr\/index.php\/wp-json\/wp\/v2\/types\/page"}],"author":[{"embeddable":true,"href":"https:\/\/humanbridge.fr\/index.php\/wp-json\/wp\/v2\/users\/1"}],"replies":[{"embeddable":true,"href":"https:\/\/humanbridge.fr\/index.php\/wp-json\/wp\/v2\/comments?post=106"}],"version-history":[{"count":21,"href":"https:\/\/humanbridge.fr\/index.php\/wp-json\/wp\/v2\/pages\/106\/revisions"}],"predecessor-version":[{"id":553,"href":"https:\/\/humanbridge.fr\/index.php\/wp-json\/wp\/v2\/pages\/106\/revisions\/553"}],"wp:attachment":[{"href":"https:\/\/humanbridge.fr\/index.php\/wp-json\/wp\/v2\/media?parent=106"}],"curies":[{"name":"wp","href":"https:\/\/api.w.org\/{rel}","templated":true}]}}